{"id":308,"date":"2014-10-08T11:58:16","date_gmt":"2014-10-08T11:58:16","guid":{"rendered":"http:\/\/www.themepush.com\/demo-calypso\/?page_id=5"},"modified":"2019-03-05T02:43:46","modified_gmt":"2019-03-05T02:43:46","slug":"home","status":"publish","type":"page","link":"https:\/\/tecnopetrolqhse.com\/?page_id=308","title":{"rendered":"Inicio"},"content":{"rendered":"<div id=\"aq-template-wrapper-32\" class=\"aq-template-wrapper aq_row\"><div id=\"aq-block-32-1\" class=\"aq-block aq-block-wow_intronote aq_span12 aq-first clearfix\"><div class=\"intro-note max80 text-center\"><h1 class=\"wow none\">llevamos mas de <span id=\"numberss\" class=\"colortext\">11.232<\/span> trabajadores certificados\n<h2>NUESTROS CERTIFICADOS SON V\u00c1LIDOS PARA COLOMBIA Y ECUADOR<\/h2> <\/h1><p class=\"wow fadeInLeft\"><\/p><\/div><\/div><div id=\"aq-block-32-2\" class=\"aq-block aq-block-wow_break aq_span12 aq-first clearfix\"><div style=\"height: 40px;\"><\/div><\/div><div id=\"aq-block-32-3\" class=\"aq-block aq-block-wow_services aq_span3 aq-first clearfix\">\r\n\t\t\t\t<div class=\"feature-item wow none\" data-wow-delay=\"0.1s\" data-wow-duration=\"0.1s\">\r\n\t\t\t\t\t<div class=\"icon\" style=\"background-color:#333333;\">\r\n\t\t\t\t\t\t<i class=\"fa fa-check icon-custom-style\"><\/i>\r\n\t\t\t\t\t<\/div>\r\n\t\t\t\t\t<a href=\"\"><h4>Personal Calificado<\/h4><\/a>\r\n\t\t\t\t\t<p class=\"description\">\r\n\t\t\t\t\t\t\r\n\t\t\t\t\t<\/p>\r\n\t\t\t\t\t<span class=\"sep\"><\/span>\r\n\t\t\t\t\t<p>\r\n\t\t\t\t\t\tContamos con personal calificado para la instrucci\u00f3n de las diferentes certificaciones.\r\n\t\t\t\t\t<\/p>\r\n\t\t\t\t<\/div>\r\n\t\t\t<\/div><div id=\"aq-block-32-4\" class=\"aq-block aq-block-wow_services aq_span3  clearfix\">\r\n\t\t\t\t<div class=\"feature-item wow none\" data-wow-delay=\"0.1s\" data-wow-duration=\"0.1s\">\r\n\t\t\t\t\t<div class=\"icon\" style=\"background-color:;\">\r\n\t\t\t\t\t\t<i class=\"fa fa-building icon-custom-style\"><\/i>\r\n\t\t\t\t\t<\/div>\r\n\t\t\t\t\t<a href=\"\"><h4>Instalaciones<\/h4><\/a>\r\n\t\t\t\t\t<p class=\"description\">\r\n\t\t\t\t\t\t\r\n\t\t\t\t\t<\/p>\r\n\t\t\t\t\t<span class=\"sep\"><\/span>\r\n\t\t\t\t\t<p>\r\n\t\t\t\t\t\tTenemos instalaciones adecuadas para el entrenamiento de nuestros estudiantes.\r\n\t\t\t\t\t<\/p>\r\n\t\t\t\t<\/div>\r\n\t\t\t<\/div><div id=\"aq-block-32-5\" class=\"aq-block aq-block-wow_services aq_span3  clearfix\">\r\n\t\t\t\t<div class=\"feature-item wow none\" data-wow-delay=\"0.1s\" data-wow-duration=\"0.1s\">\r\n\t\t\t\t\t<div class=\"icon\" style=\"background-color:#333333;\">\r\n\t\t\t\t\t\t<i class=\"fa fa-comments icon-custom-style\"><\/i>\r\n\t\t\t\t\t<\/div>\r\n\t\t\t\t\t<a href=\"\"><h4>Asesor\u00eda<\/h4><\/a>\r\n\t\t\t\t\t<p class=\"description\">\r\n\t\t\t\t\t\t\r\n\t\t\t\t\t<\/p>\r\n\t\t\t\t\t<span class=\"sep\"><\/span>\r\n\t\t\t\t\t<p>\r\n\t\t\t\t\t\tOfrecemos nuestros servicios y asesor\u00edas en diferentes \u00e1reas como seguridad industrial.\r\n\t\t\t\t\t<\/p>\r\n\t\t\t\t<\/div>\r\n\t\t\t<\/div><div id=\"aq-block-32-6\" class=\"aq-block aq-block-wow_services aq_span3  clearfix\">\r\n\t\t\t\t<div class=\"feature-item wow none\" data-wow-delay=\"0.1s\" data-wow-duration=\"0.1s\">\r\n\t\t\t\t\t<div class=\"icon\" style=\"background-color:;\">\r\n\t\t\t\t\t\t<i class=\"fa fa-certificate icon-custom-style\"><\/i>\r\n\t\t\t\t\t<\/div>\r\n\t\t\t\t\t<a href=\"\"><h4>Certificaciones<\/h4><\/a>\r\n\t\t\t\t\t<p class=\"description\">\r\n\t\t\t\t\t\t\r\n\t\t\t\t\t<\/p>\r\n\t\t\t\t\t<span class=\"sep\"><\/span>\r\n\t\t\t\t\t<p>\r\n\t\t\t\t\t\tSe puede comprobar la autenticidad de los certificados accediendo a esta web.\r\n\t\t\t\t\t<\/p>\r\n\t\t\t\t<\/div>\r\n\t\t\t<\/div><div id=\"aq-block-32-7\" class=\"aq-block aq-block-wow_break aq_span12 aq-first clearfix\"><div style=\"height: 40px;\"><\/div><\/div><div id=\"aq-block-32-8\" class=\"aq-block aq-block-wow_parallaxbegin aq_span12 aq-first clearfix\">\r\n\t\r\n\r\n\t<section class=\"parallax parallax-image dark-bg\" style=\"max-width: 1200px; margin:0px auto; overflow-x: hidden;margin-left:-2.96%; margin-right:-2.97%;background-image:url(https:\/\/tecnopetrolqhse.com\/wp-content\/uploads\/2015\/07\/fondo.png); margin-top:;margin-bottom:; color:#ffffff;\">\r\n\t\t\r\n\t\t<div class=\"wrapsection\" style=\"background-image:url(); background-repeat:repeat;\">\r\n\t\t\r\n\t\t\t<div class=\"overlay\" style=\"background-color: #878787; opacity: 0.8;\"><\/div>\r\n\t\t\t<div class=\"page-wrapper\" style=\"padding-top:0px;padding-bottom:0px;\">\r\n\t\t\t<div class=\"container\">\r\n\t\t\t\r\n\t\t\t\t<div class=\"parallax-content\">\r\n\t\t\t\t\t<div class=\"row\">\r\n\r\n\t\t\t<\/div><div id=\"aq-block-32-9\" class=\"aq-block aq-block-wow_features aq_span12 aq-first clearfix\"><div class=\"row wparfeaturedwork\">\r\n\t\t\t\t\t<div class=\"col-md-12 text-center maintitle\">\r\n\t\t\t\t\t\t\t<h2><\/h2>\r\n\t\t\t\t\t\t\t<p class=\"subtitle\"><\/p>\r\n\t\t\t\t\t\t<\/div>\r\n\t\t\t\t\t\t\r\n\t\t\t\t\t\t<div class=\"col-md-6 wow fadeInLeft\">\r\n\t\t\t\t\t\t\t<img src=\"https:\/\/tecnopetrolqhse.com\/wp-content\/uploads\/2015\/07\/diplomas3.fw_1.png\" alt=\"\" class=\"img-responsive\">\r\n\t\t\t\t\t\t<\/div>\r\n\t\t\t\t\t\t\r\n\t\t\t\t\t\t<div class=\"col-md-6 wow fadeInRight\">\r\n\t\t\t\t\t\t\t<br>\n<br>\n<h3>Imprimir Certificados de Estudios<\/h3>\n<br>\n<form id=\"form1\" action=\"imprimir.php\" method=\"post\" name=\"form1\" target=\"_blank\">\n\n<div style=\"width:370px;float:left; \" class=\"general\">\n  <div style=\"float:left;width:70%;\" class=\"right\"><strong>Consulta de Estudios<br \/>\n  <\/strong>\n    <input  style=\"color:#FFF;font-size: 12px;\" id=\"cod\" type=\"text\" name=\"cod\" size=\"12\" \/>\n    \n    <span style=\"color: #d04e41; font-family: Tahoma, Geneva, sans-serif; font-size: 11px; text-align: -webkit-center;\">* Introduzca su c\u00e9dula sin puntos.<\/span>\n  <\/div>\n  <div align=\"center\"  style=\"float:left;width:30%; vertical-align:central\" class=\"left\"><br>\n    <input class=\"btn2\" id=\"button3\" onclick=\"javascript:document.form1.submit();\" type=\"button\" name=\"button3\" value=\"Consultar\" \/>\n  <\/div>\n<\/div>\n<\/form>\n<p>&nbsp;<\/p>\n<p>&nbsp;<\/p>\n\n<form id=\"form2\" action=\"get_cert.php\" method=\"post\" name=\"form2\" target=\"_blank\">\n<div style=\"width:370px;float:left;\" class=\"general\">\n  <div style=\"float:left;width:70%;\" class=\"right\"><strong>Descarga de Certificados<br \/>\n    <\/strong>\n    <input style=\"color: #FFF;font-size: 12px;\" id=\"textfield3\" type=\"text\" name=\"codigo\" size=\"12\" \/>\n   \n    <span style=\"color: #d04e41; font-family: Tahoma, Geneva, sans-serif; font-size: 11px; text-align: -webkit-center;\">* Introduzca el c\u00f3digo de su certificado.<\/span><br \/>\n  <\/div>\n  <div align=\"center\" style=\"float:left;width:30%;\" class=\"left\"><br>\n    <input class=\"btn2\" id=\"button4\" onclick=\"javascript:document.form2.submit();\" type=\"button\" name=\"button4\" value=\"Consultar\" \/>\n  <\/div>\n<\/div>\n<\/form>\r\n\t\t\t\t\t\t<\/div>\r\n\t\t\t\t\t<\/div><\/div><div id=\"aq-block-32-10\" class=\"aq-block aq-block-wow_parallaxend aq_span12 aq-first clearfix\"><\/div>\r\n\t\t\t\t\r\n\t\t\t<\/div>\r\n\t\t\t\r\n\t\t<\/div>\r\n\t\t\r\n\t\t<\/div>\r\n\t\t<\/div>\r\n\t\t\r\n\t<\/section>\r\n\r\n<\/div><div id=\"aq-block-32-11\" class=\"aq-block aq-block-wow_break aq_span12 aq-first clearfix\"><div style=\"height: 40px;\"><\/div><\/div><div id=\"aq-block-32-12\" class=\"aq-block aq-block-wow_quotes aq_span12 aq-first clearfix\"><div id=\"cbp-qtrotator\" class=\"cbp-qtrotator\"><div class=\"cbp-qtcontent\"><h2 class=\"text-center\">Buenas Instalaciones<\/h2><blockquote><p class=\"bigquote\"><i class=\"fa fa-quote-left colortext quoteicon\"><\/i>El proceso de aprendizaje es muy pr\u00e1ctico y din\u00e1mico gracias a las muy buenas instalaciones que cuentan con todas las herramientas necesarias para nuestra seguridad y tambi\u00e9n simulan muy bien los ambientes de trabajo. Los instructores jugaron un papel muy importante en mi proceso de formaci\u00f3n. Muchas gracias<\/p><footer><img src=\"https:\/\/tecnopetrolqhse.com\/wp-content\/uploads\/2015\/07\/foto1.fw_.png\" alt=\"\"> Fernando Rojas<\/footer><\/blockquote><\/div><\/div><\/div><div id=\"aq-block-32-13\" class=\"aq-block aq-block-wow_break aq_span12 aq-first clearfix\"><div style=\"height: 40px;\"><\/div><\/div><div id=\"aq-block-32-14\" class=\"aq-block aq-block-wow_services2 aq_span4 aq-first clearfix\">\r\n\t\t\t<div class=\"servicestyle3 wow zoomIn\" data-wow-delay=\"0.1s\" data-wow-duration=\"0.6s\">\r\n\t\t\t\t<h4>Nuestras Instalaciones<\/h4>\r\n\t\t\t\t<p>\tContamos con instalaciones necesarias para simular cada ambiente de trabajo y as\u00ed proporcionar al estudiante una experiencia cercana a la realidad  logrando que el proceso de aprendizaje sea din\u00e1mico.<\/p>\r\n\t\t\t\t<i class=\"fa fa-gears\"><\/i>\r\n\t\t\t<\/div>\r\n\t\t\t\r\n\t\t\t<\/div><div id=\"aq-block-32-15\" class=\"aq-block aq-block-wow_services2 aq_span4  clearfix\">\r\n\t\t\t<div class=\"servicestyle4 wow zoomIn\" data-wow-delay=\"0.2s\" data-wow-duration=\"0.6s\">\r\n\t\t\t\t<h4>Nuestros Programas<\/h4>\r\n\t\t\t\t<p>\tNuestros programas est\u00e1n dise\u00f1ados para cumplir con las exigencias laborales y t\u00e9cnicas de hoy en d\u00eda. Trabajamos de la mano con las industrias para proporcionar entrenamiento e informaci\u00f3n con las exigencias del mercado.<\/p>\r\n\t\t\t\t<i class=\"fa fa-graduation-cap\"><\/i>\r\n\t\t\t<\/div>\r\n\t\t\t\r\n\t\t\t<\/div><div id=\"aq-block-32-16\" class=\"aq-block aq-block-wow_services2 aq_span4  clearfix\">\r\n\t\t\t<div class=\"servicestyle3 wow zoomIn\" data-wow-delay=\"0.3s\" data-wow-duration=\"0.6s\">\r\n\t\t\t\t<h4>Nuestros Instructores<\/h4>\r\n\t\t\t\t<p>\tCada instructor cuenta con a\u00f1os de experiencia para cada una de las certificaciones impartidas. \nVis\u00edtenos y conozca nuestros programas de certificaci\u00f3n. !Estamos a su servicio!\nSi desea conocer m\u00e1s detalles sobre esta certificaci\u00f3n o requiere capacitar a sus trabajadores por favor cont\u00e1ctenos y estaremos gustosos de atender sus inquietudes. <\/p>\r\n\t\t\t\t<i class=\"fa fa-user\"><\/i>\r\n\t\t\t<\/div>\r\n\t\t\t\r\n\t\t\t<\/div><div id=\"aq-block-32-17\" class=\"aq-block aq-block-wow_break aq_span12 aq-first clearfix\"><div style=\"height: 40px;\"><\/div><\/div><div id=\"aq-block-32-18\" class=\"aq-block aq-block-wowt_imagecarousel aq_span12 aq-first clearfix\"><section class=\"imagecarouselblock parallax parallax-image light-bg\" style=\"max-width: 1200px; margin:0px auto; overflow-x: hidden;margin-left:-2.96%; margin-right:-2.97%;\">\r\n\t\t\r\n\t\t\t\t\t\t<div style=\"background:#f9f9f9;border-top: 1px solid #ececec;border-bottom: 1px solid #ececec;padding-top:40px;padding-bottom:40px;\">\r\n\t\t\t\t\t\t\t\r\n\t\t\t\t\t\t\t<div class=\"container\">\r\n\t\t\t\t\t\t\t\r\n\t\t\t\t\t\t\t\t<div class=\"parallax-content\">\r\n\t\t\t\t\t\t\t\t\r\n\t\t\t\t\t\t\t\t\t<div class=\"row\">\r\n\t\t\t\t\t\t\t\t\t\t\r\n\t\t\t\t\t\t\t\t\t\t<div class=\"col-md-12 text-center maintitle\">\r\n\t\t\t\t\t\t\t\t\t\t\t<h2>Nuestras Instalaciones<\/h2>\r\n\t\t\t\t\t\t\t\t\t\t\t<p class=\"subtitle\"><\/p>\r\n\t\t\t\t\t\t\t\t\t\t<\/div>\r\n\t\t\t\t\t\t\t\t\t\r\n\t\t\t\t\t\t\t\t\t\t<div class=\"col-md-12\">\r\n\t\t\t\t\t\t\t\t\t\t<div class=\"text-center smalltitle\"><\/div>\r\n\t\t\t\t\t\t\t\t\t\t\t<div class=\"list_carousel text-center\">\r\n\t\t\t\t\t\t\t\t\t\t\r\n\t\t\t\t\t\t\t\t\t\t\t\t<div class=\"carousel_nav\">\r\n\t\t\t\t\t\t\t\t\t\t\t\t\t<a class=\"prev\" id=\"car_prev\" href=\"#\"><span>prev<\/span><\/a>\r\n\t\t\t\t\t\t\t\t\t\t\t\t\t<a class=\"next\" id=\"car_next\" href=\"#\"><span>next<\/span><\/a>\r\n\t\t\t\t\t\t\t\t\t\t\t\t<\/div>\r\n\t\t\t\t\t\t\t\t\t\t\t\t<div class=\"clearfix\"><\/div>\r\n\t\t\t\t\t\t\t\t\t\t\t\t\r\n\t\t\t\t\t\t\t\t\t\t\t\t\t<ul class=\"carufred\"><li>\r\n\t\t\t\t\t\t<div class=\"wowimgcars-projects\">\r\n\t\t\t\t\t\t\t<div class=\"wowimgcars-projects-image\"><img src=\"https:\/\/tecnopetrolqhse.com\/wp-content\/uploads\/2015\/07\/espa1.jpg\"><\/div>\r\n\t\t\t\t\t\t<\/div>\r\n\t\t\t\t\t<\/li><li>\r\n\t\t\t\t\t\t<div class=\"wowimgcars-projects\">\r\n\t\t\t\t\t\t\t<div class=\"wowimgcars-projects-image\"><img src=\"https:\/\/tecnopetrolqhse.com\/wp-content\/uploads\/2015\/07\/alt1.jpg\"><\/div>\r\n\t\t\t\t\t\t<\/div>\r\n\t\t\t\t\t<\/li><li>\r\n\t\t\t\t\t\t<div class=\"wowimgcars-projects\">\r\n\t\t\t\t\t\t\t<div class=\"wowimgcars-projects-image\"><img src=\"https:\/\/tecnopetrolqhse.com\/wp-content\/uploads\/2015\/07\/andamios-2.jpg\"><\/div>\r\n\t\t\t\t\t\t<\/div>\r\n\t\t\t\t\t<\/li><li>\r\n\t\t\t\t\t\t<div class=\"wowimgcars-projects\">\r\n\t\t\t\t\t\t\t<div class=\"wowimgcars-projects-image\"><img src=\"https:\/\/tecnopetrolqhse.com\/wp-content\/uploads\/2015\/07\/briga1.jpg\"><\/div>\r\n\t\t\t\t\t\t<\/div>\r\n\t\t\t\t\t<\/li><li>\r\n\t\t\t\t\t\t<div class=\"wowimgcars-projects\">\r\n\t\t\t\t\t\t\t<div class=\"wowimgcars-projects-image\"><img src=\"https:\/\/tecnopetrolqhse.com\/wp-content\/uploads\/2015\/07\/salud-1.jpg\"><\/div>\r\n\t\t\t\t\t\t<\/div>\r\n\t\t\t\t\t<\/li><li>\r\n\t\t\t\t\t\t<div class=\"wowimgcars-projects\">\r\n\t\t\t\t\t\t\t<div class=\"wowimgcars-projects-image\"><img src=\"https:\/\/tecnopetrolqhse.com\/wp-content\/uploads\/2015\/07\/gestion-1.jpg\"><\/div>\r\n\t\t\t\t\t\t<\/div>\r\n\t\t\t\t\t<\/li><\/ul><div class=\"clearfix\"><\/div><\/div><\/div><\/div><\/div><\/div><\/div><\/section><\/div><div id=\"aq-block-32-19\" class=\"aq-block aq-block-wow_break aq_span12 aq-first clearfix\"><div style=\"height: 40px;\"><\/div><\/div><div id=\"aq-block-32-20\" class=\"aq-block aq-block-wow_calltoaction aq_span12 aq-first clearfix\">\r\n\t\t\t\t<div class=\"text-center\">\r\n\t\t\t\t\t<h3 class=\"bigtext\">\r\n\t\t\t\t\t\tCapacitamos <span class=\"fontpacifico colortext\"><\/span>  personal para las exigencias laborales de hoy.\r\n\t\t\t\t\t<\/h3>\r\n\t\t\t\t\t<p>\r\n\t\t\t\t\t\t Nuestro objetivo es brindarle al trabajador las herramientas necesarias para la competitividad y un mejor desempe\u00f1o en el ambiente laboral. \r\n\t\t\t\t\t<\/p>\r\n\t\t\t\t<\/div><\/div>\n","protected":false},"excerpt":{"rendered":"","protected":false},"author":1,"featured_media":0,"parent":0,"menu_order":0,"comment_status":"closed","ping_status":"closed","template":"","meta":[],"_links":{"self":[{"href":"https:\/\/tecnopetrolqhse.com\/index.php?rest_route=\/wp\/v2\/pages\/308"}],"collection":[{"href":"https:\/\/tecnopetrolqhse.com\/index.php?rest_route=\/wp\/v2\/pages"}],"about":[{"href":"https:\/\/tecnopetrolqhse.com\/index.php?rest_route=\/wp\/v2\/types\/page"}],"author":[{"embeddable":true,"href":"https:\/\/tecnopetrolqhse.com\/index.php?rest_route=\/wp\/v2\/users\/1"}],"replies":[{"embeddable":true,"href":"https:\/\/tecnopetrolqhse.com\/index.php?rest_route=%2Fwp%2Fv2%2Fcomments&post=308"}],"version-history":[{"count":3,"href":"https:\/\/tecnopetrolqhse.com\/index.php?rest_route=\/wp\/v2\/pages\/308\/revisions"}],"predecessor-version":[{"id":344,"href":"https:\/\/tecnopetrolqhse.com\/index.php?rest_route=\/wp\/v2\/pages\/308\/revisions\/344"}],"wp:attachment":[{"href":"https:\/\/tecnopetrolqhse.com\/index.php?rest_route=%2Fwp%2Fv2%2Fmedia&parent=308"}],"curies":[{"name":"wp","href":"https:\/\/api.w.org\/{rel}","templated":true}]}}